28/(-21))/((-4)/6). Let n(i) = -i**3 + i**2 + 2*i + 1. Let j be n(w). Is j/4 - 330/(-24) a composite number?
True
Is ((-20)/8)/(-5) + 1620/8 a composite number?
True
Let a be (30/9)/(4/(-6)). Is a/(2 - 78/38) composite?
True
Let k(r) = -34*r**3 + 5*r**2 - r + 11. Is k(-5) a composite number?
False
Suppose -16 = -t + 11. Let d = 30 + t. Let z = d - 22. Is z composite?
True
Suppose 9 + 13 = -2*c. Is (c - -14) + -1 + 85 a composite number?
True
Let m(f) = f**2 + f - 1. Let y be (2/3)/((-1)/(-3)). Let x be m(y). Suppose 0 = -2*o + 4*d - x*d + 46, d - 25 = -o. Is o prime?
False
Suppose f + 1 = 3*z, -3*z - 15 = -3*f + 6. Let y(d) = -d**3 + 13*d**2 - 14*d + 5. Is y(f) a prime number?
False
Let l(q) = -q**2 + q + 22. Suppose 0*n - 20 = 5*n + 4*y, -3*y - 15 = 0. Is l(n) composite?
True
Let u = 7 - -7. Let c be 298/u + 14/(-49). Let j = c - 11. Is j prime?
False
Let w(q) = -q**3 - 12*q**2 + q - 29. Is w(-15) prime?
True
Suppose z - 3663 = -2*z. Let h be 2 + 1 + z/3. Suppose 5*m - 3*c = h, -c = -2*m + 7*m - 430. Is m a composite number?
True
Suppose -5*k + 11 = -4. Suppose 33 = k*j - 2*s - 4, 3*j - 5*s - 43 = 0. Suppose j = 4*i - 45. Is i composite?
True
Let k be ((-14)/3)/(3/9). Let o be 0 + (k/(-2) - 2). Suppose 0 = 3*x + o*v - 16, 25 = 4*x + 4*v - v. Is x composite?
False
Suppose -1064 = -4*k - 2*d, -3*k + 787 = -4*d - 0*d. Is k a prime number?
False
Suppose 2*i - 729 = -5*b + 3968, 4*b = -3*i + 3752. Is b prime?
True
Suppose 3*s = -4*d + 1277, 0*d + 2140 = 5*s - 5*d. Let z = -176 + s. Is z prime?
True
Let r = 31 + 59. Let a = 13 - 11. Suppose -a*o = -c + 29, -o + r = 3*c - 4*o. Is c prime?
True
Let c(f) = -f**2 + f - 1. Let g(i) = 3*i**2 - 9*i - 2. Let j(s) = -5*c(s) - g(s). Is j(-7) prime?
False
Let g(j) = -4*j + 1. Suppose -8 = -0*p + 4*p. Let o be g(p). Is 2/6 - (-96)/o a composite number?
False
Let p(f) = -2*f + 31. Let n(r) = r - 15. Let q(o) = 7*n(o) + 4*p(o). Is q(0) a composite number?
False
Let q = 42 - -149. Is q a composite number?
False
Suppose -6*i + 12 = -3*i. Suppose -r + 0 = -i. Suppose r*j - 1265 = -j. Is j prime?
False
Suppose 3*x + 234 = 6*x. Suppose l = 31 + x. Is l prime?
True
Suppose -4*p = 20, -172 = -u + p + 2*p. Is u composite?
False
Let g = 982 + -211. Suppose -6*o + 3*o = -g. Is o a composite number?
False
Let j(x) = -28*x - 3. Let s be j(-4). Suppose 5*k + 14 = s. Is k a prime number?
True
Let b(x) = 94*x - 27. Is b(7) a composite number?
False
Suppose -3*f = 3*g - 39, -3*g = 2*g - 5. Let t = 26 - f. Is t composite?
True
Suppose -3*t - 4*c + 0*c + 25 = 0, -3*t + c + 5 = 0. Let g(z) = 6*z**2 + 2*z + 2. Is g(t) a composite number?
True
Let a(p) = 5*p + 2. Let j = -10 - -17. Let c = 11 - j. Is a(c) a prime number?
False
Suppose 198 + 9 = 3*o. Is o a prime number?
False
Suppose -12 = 3*t, 2137 - 205 = 4*u + 2*t. Is u composite?
True
Suppose -2*m = -b + 2 + 5, 2 = -m. Suppose 102 = 4*d - 2*j, 2*d - 49 = b*j - 4. Suppose -5*h = -d - 143. Is h composite?
True
Suppose -a = -3*r - 463, -4*a + 5*r - 463 = -5*a. Is a a composite number?
False
Is (83*-54)/(-2) + (-4 - 0) a composite number?
False
Suppose 3*f - 20 = 5*c, 2*c - 3*f = -16 - 1. Let x = 3 - c. Suppose -4 = b + 4*w - 29, x*b + w = 55. Is b prime?
True
Let b = -354 + 685. Is b a composite number?
False
Let i(f) = 3*f + 4 - 8 + 6. Suppose -u + 2*r - 39 = -6*u, 2*r + 3 = u. Is i(u) prime?
True
Let k(c) = -c**2 + 3*c + 5. Let a be k(5). Suppose -45 - 9 = 4*v + 3*z, 67 = -5*v - 4*z. Is (-342)/v - 1/a a prime number?
True
Let u be (3/3)/((-4)/(-48)). Let k(r) = 17*r - 5. Is k(u) a prime number?
True
Let q be (-8 - 0) + 12/6. Let n be (1 + 9/q)*-4. Suppose -n*o + 395 = 3*o. Is o a composite number?
False
Let p(b) = b**2 - 7*b - 3. Let j be p(9). Let i be (-6)/j + 934/10. Suppose 3*o + 0*o = i. Is o a prime number?
True
Suppose 4*n - 25 = -3*q, 3*q + 0*q = 4*n - 7. Suppose 2*l - 173 = -g, -5*g - q*l + 748 = -82. Is g prime?
True
Suppose -2*t = -29 - 3. Let m = t + 6. Is m prime?
False
Suppose 102 = -2*j + 4*j. Let p = j + 8. Is p composite?
False
Let w be (-3)/5 + (-23190)/(-25). Let d = w - 351. Suppose 0 = 5*y + 2*v - 735, 4*y + 0*y - d = -4*v. Is y a prime number?
True
Suppose -g - g = -4*h - 434, -874 = -4*g + 5*h. Is g prime?
False
Let j = 5 - 3. Suppose -j*h + 45 = h. Is h a prime number?
False
Let m(f) = -17*f. Let b(q) = q**3 - 3*q**2 + 1. Let z(n) = 3*n**2 - 1. Let k be z(1). Let i be b(k). Is m(i) prime?
False
Let b(m) be the second derivative of 4*m**6/45 - m**4/24 - m**3/3 - 2*m. Let r(q) be the second derivative of b(q). Is r(-1) prime?
True
Let a = 434 - 223. Is a prime?
True
Let v(l) = 105*l. Let f be v(1). Let c = f + -14. Let p = c - 38. Is p composite?
False
Let j = 55 - -4. Let m = j + 8. Is m prime?
True
Let p be 0*((-15)/(-9) - 2). Is 1 + (0 - (p - 2)) a composite number?
False
Let l(z) = z - 1. Let r be l(5). Suppose -r*x + 12 = -x. Suppose 0 = -w + 5*i - 10, i - x*i + 2 = -w. Is w prime?
False
Let r be (2 + (-10)/6)*27. Suppose -2*i - 9 = 3*h, -4*i - r = -4*h - 41. Is i a composite number?
False
Let h = 4672 - 3323. Is h composite?
True
Suppose -4*d + 0 = -16. Suppose -3*t + 164 = 5*u - 288, d*u - 3*t = 367. Let s = -52 + u. Is s composite?
True
Suppose 6 = 3*v - 0*v. Suppose 9 = b + v*b. Is 46/(6/b) + -2 a prime number?
False
Is 1/(-4) - (-1896)/32 a composite number?
False
Let j = 7 - 1. Suppose -5*h + 402 = -3*g + j*g, -654 = -5*g - 3*h. Is g a composite number?
True
Let a(z) be the third derivative of -5/6*z**3 - 3*z**2 + 0 + 0*z - 1/3*z**4 + 1/60*z**5. Is a(-6) a prime number?
True
Let m(h) = h**2 - 3. Let s be ((-2 - -2)/1)/1. Let t be m(s). Let c(p) = 2*p**2 + 3*p + 1. Is c(t) prime?
False
Suppose 0*h + h - 2588 = -3*t, -4*t + 3453 = -h. Is t a composite number?
False
Suppose 2*w = n, -14 = 3*w - 2*n - 3*n. Suppose 0*j - 16 = -j + w*l, 0 = -4*j + l + 29. Let x(p) = 2*p - 8. Is x(j) a composite number?
True
Suppose 9*h = 4*h + 125. Suppose s - x = -16, -s - 19 - 3 = -4*x. Let q = h + s. Is q composite?
False
Suppose 21 = -2*y + 5*y. Is (14*-1)/((-2)/y) a prime number?
False
Let q be (-2)/(-3) - 2084/3. Let t = 355 + q. Is ((-6)/9)/(2/t) composite?
False
Suppose 3*r + 33 - 282 = 0. Is r composite?
False
Suppose u = -u. Is 37/(u - 2/(-2)) a prime number?
True
Suppose -2*g = -4 - 2. Suppose 4*d - 3*u = 1004, -6*d + 1258 = -d - g*u. Is d prime?
False
Let a(y) = -y**2 - 6*y - 1. Suppose 5*m + 31 = -3*h - 0*h, -4*h = 2*m + 18. Let j be a(m). Suppose -j*t + b + 31 = 0, t - 3*b + 2*b = 4. Is t a prime number?
False
Suppose 10 = -k + 33. Let z = k + -14. Suppose 4*l - 67 = z. Is l composite?
False
Let m be 6*(27/(-6) + 3). Let a = -6 - m. Is (-76)/(-1) + a - 2 a prime number?
False
Suppose 0 = 3*b + 2*b - 10. Suppose v - 158 = -3*d, -b*v - 2*v - 4 = 0. Is d a composite number?
False
Let j = -5 - -9. Let w be (10/(-4))/(j/(-8)). Suppose -5*f = w*b - 15, -1 + 0 = f + 2*b. Is f prime?
True
Let r(n) = 4 + 0 + 2 - 2 + 6*n. Let d be (-2)/(-4)*36/2. Is r(d) a composite number?
True
Let k(t) = -5*t**2 + 3*t + 3 - 9*t - t**3 - 7. Let o be k(-4). Suppose 66 = 5*r - 5*q + o*q, 21 = 2*r + 5*q. Is r prime?
True
Suppose -138 + 43 = -5*s. Suppose -2*d + s = -d. Is d a prime number?
True
Let r = 797 - 378. Is r a composite number?
False
Let f(g) = 46*g - 1. Let h be f(1). Let o = h + 12. Suppose -o = -2*y + 73. Is y composite?
True
Is 10404/28 + (-8)/14 a prime number?
False
Suppose -5*z + 1998 = -2*z - 3*o, -4*o = -z + 663. Let d = 984 - z. Is d prime?
True
Is (104/(-20))/(1/(-5)) prime?
False
Let z be 7/21 + 1606/6. Let f = z + 39. Is f prime?
True
Let g be ((-12)/5)/(8/60). Let p be (8/(-12))/(4/g). Suppose -p*k = -6 - 27. Is k a prime number?
True
Let b = 586 + -148. Suppose -3*r + b = 147. Is r a composite number?
False
Let u be 1/(0 + 3/(-15)). Let n(v) = -5*v**2 - v**3 + 0*v - 4*v - 3 - 3. Is n(u) prime?
False
Let k be (-5)/((-10)/(-8)) + 76. Let n = -29 + k. Is n a composite number?
False
Suppose 5*o = -3*s + 10, -45 = -5*o + 7*s - 3*s. Let c(n) = n**2 - 4. Is c(o) composite?
True
Let r(z) = 2*z**2 + 5*z - 4. Let g(x) = -5*x**2 - 9*x + 7. Let m(b) = -3*g(b) - 5*r(b). Is m(2) a prime number?
True
Let q(g) = -g**2 - 10*g - 3. Let x be q(-5). Suppose -50 = -5*m + 4*o, -4*m - o + x = 3. Is m a composite number?
True
Let v = 31034 - 20607. Is v prime?
True
Suppose 0 = -